emainder when 1464 is divided by 480?
24
What is the remainder when 200 is divided by 95?
10
Calculate the remainder when 173 is divided by 10.
3
Calculate the remainder when 233 is divided by 9.
8
Calculate the remainder when 2957 is divided by 62.
43
What is the remainder when 2122 is divided by 13?
3
Calculate the remainder when 32 is divided by 26.
6
Calculate the remainder when 714 is divided by 14.
0
What is the remainder when 21209 is divided by 210?
209
What is the remainder when 2219 is divided by 17?
9
What is the remainder when 119 is divided by 49?
21
What is the remainder when 250 is divided by 9?
7
Calculate the remainder when 1157 is divided by 20.
17
What is the remainder when 3899 is divided by 230?
219
What is the remainder when 33 is divided by 9?
6
Calculate the remainder when 191 is divided by 113.
78
What is the remainder when 8442 is divided by 48?
42
Calculate the remainder when 2234 is divided by 32.
26
Calculate the remainder when 2309 is divided by 110.
109
What is the remainder when 400 is divided by 27?
22
What is the remainder when 46 is divided by 10?
6
Calculate the remainder when 18549 is divided by 106.
105
Calculate the remainder when 63 is divided by 11.
8
Calculate the remainder when 40 is divided by 16.
8
What is the remainder when 448 is divided by 74?
4
Calculate the remainder when 257 is divided by 27.
14
Calculate the remainder when 714 is divided by 342.
30
Calculate the remainder when 724 is divided by 18.
4
Calculate the remainder when 946 is divided by 25.
21
What is the remainder when 1924 is divided by 129?
118
Calculate the remainder when 847 is divided by 59.
21
What is the remainder when 399 is divided by 40?
39
What is the remainder when 15835 is divided by 288?
283
What is the remainder when 231 is divided by 26?
23
What is the remainder when 1267 is divided by 420?
7
What is the remainder when 986 is divided by 163?
8
Calculate the remainder when 58 is divided by 30.
28
Calculate the remainder when 168 is divided by 118.
50
What is the remainder when 513 is divided by 43?
40
What is the remainder when 3 is divided by 1?
0
What is the remainder when 26161 is divided by 17?
15
What is the remainder when 89 is divided by 81?
8
Calculate the remainder when 717 is divided by 20.
17
What is the remainder when 150 is divided by 21?
3
Calculate the remainder when 122 is divided by 55.
12
Calculate the remainder when 809 is divided by 22.
17
Calculate the remainder when 371 is divided by 3.
2
What is the remainder when 112 is divided by 52?
8
Calculate the remainder when 1199 is divided by 48.
47
What is the remainder when 454 is divided by 161?
132
What is the remainder when 189 is divided by 50?
39
What is the remainder when 612 is divided by 208?
196
Calculate the remainder when 11697 is divided by 130.
127
Calculate the remainder when 520 is divided by 22.
14
Calculate the remainder when 2767 is divided by 15.
7
What is the remainder when 362 is divided by 26?
24
Calculate the remainder when 197 is divided by 20.
17
Calculate the remainder when 177 is divided by 20.
17
What is the remainder when 158 is divided by 10?
8
What is the remainder when 121 is divided by 39?
4
What is the remainder when 2395 is divided by 125?
20
What is the remainder when 627 is divided by 105?
102
What is the remainder when 948 is divided by 383?
182
Calculate the remainder when 6738 is divided by 320.
18
Calculate the remainder when 1617 is divided by 81.
78
What is the remainder when 290 is divided by 4?
2
Calculate the remainder when 1634 is divided by 42.
38
What is the remainder when 275 is divided by 70?
65
Calculate the remainder when 216 is divided by 31.
30
Calculate the remainder when 4 is divided by 4.
0
Calculate the remainder when 1095 is divided by 141.
108
Calculate the remainder when 64 is divided by 39.
25
What is the remainder when 11023 is divided by 108?
7
What is the remainder when 77 is divided by 20?
17
Calculate the remainder when 736 is divided by 6.
4
What is the remainder when 206 is divided by 70?
66
What is the remainder when 454 is divided by 21?
13
Calculate the remainder when 111 is divided by 6.
3
Calculate the remainder when 357 is divided by 69.
12
Calculate the remainder when 721 is divided by 232.
25
What is the remainder when 301 is divided by 19?
16
What is the remainder when 118 is divided by 20?
18
Calculate the remainder when 2961 is divided by 330.
321
Calculate the remainder when 206 is divided by 23.
22
Calculate the remainder when 2140 is divided by 63.
61
What is the remainder when 223 is divided by 81?
61
Calculate the remainder when 177 is divided by 66.
45
What is the remainder when 16435 is divided by 29?
21
What is the remainder when 1004 is divided by 30?
14
Calculate the remainder when 1420 is divided by 89.
85
Calculate the remainder when 309 is divided by 35.
29
Calculate the remainder when 208 is divided by 71.
66
Calculate the remainder when 649 is divided by 318.
13
Calculate the remainder when 352 is divided by 134.
84
Calculate the remainder when 433 is divided by 318.
115
What is the remainder when 649 is divided by 215?
4
What is the remainder when 264 is divided by 55?
44
What is the remainder when 2186 is divided by 17?
10
Calculate the remainder when 814 is divided by 37.
0
What is the remainder when 2023 is divided by 1006?
11
What is the remainder when 143 is divided by 39?
26
What is the remainder when 64 is divided by 5?
4
Calculate the remainder when 534 is divided by 20.
14
Calculate the remainder when 99 is divided by 8.
3
What is the remainder when 523 is divided by 21?
19
Calculate the remainder when 314 is divided by 63.
62
What is the remainder when 410 is divided by 26?
20
Calculate the remainder when 9974 is divided by 25.
24
What is the remainder when 108 is divided by 65?
43
What is the remainder when 44 is divided by 35?
9
What is the remainder when 635 is divided by 8?
3
What is the remainder when 3717 is divided by 10?
7
Calculate the remainder when 69 is divided by 49.
20
Calculate the remainder when 59 is divided by 22.
15
What is the remainder when 173 is divided by 29?
28
Calculate the remainder when 311 is divided by 79.
74
Calculate the remainder when 130 is divided by 37.
19
What is the remainder when 353 is divided by 71?
69
Calculate the remainder when 260 is divided by 92.
76
What is the remainder when 64 is divided by 61?
3
Calculate the remainder when 10402 is divided by 34.
32
What is the remainder when 2670 is divided by 8?
6
What is the remainder when 69 is divided by 26?
17
What is the remainder when 941 is divided by 44?
17
What is the remainder when 317 is divided by 111?
95
Calculate the remainder when 228 is divided by 112.
4
What is the remainder when 65 is divided by 12?
5
What is the remainder when 2144 is divided by 58?
56
Calculate the remainder when 1152 is divided by 77.
74
Calculate the remainder when 475 is divided by 55.
35
What is the remainder when 30745 is divided by 37?
35
What is the remainder when 64 is divided by 23?
18
Calculate the remainder when 158 is divided by 120.
38
What is the remainder when 566 is divided by 27?
26
What is the remainder when 876 is divided by 44?
40
What is the remainder when 4337 is divided by 167?
162
What is the remainder when 36 is divided by 18?
0
Calculate the remainder when 10619 is divided by 10.
9
Calculate the remainder when 281 is divided by 142.
139
Calculate the remainder when 278 is divided by 35.
33
Calculate the remainder when 1302 is divided by 428.
18
Calculate the remainder when 132 is divided by 41.
9
What is the remainder when 2192 is divided by 46?
30
Calculate the remainder when 195 is divided by 9.
6
What is the remainder when 150 is divided by 14?
10
Calculate the remainder when 1526 is divided by 81.
68
What is the remainder when 4188 is divided by 44?
8
What is the remainder when 419 is divided by 30?
29
What is the remainder when 3757 is divided by 16?
13
Calculate the remainder when 412 is divided by 42.
34
Calculate the remainder when 349 is divided by 50.
49
Calculate the remainder when 398 is divided by 7.
6
Calculate the remainder when 755 is divided by 275.
205
Calculate the remainder when 2239 is divided by 56.
55
What is the remaind